e ((-5)/(-10))/((-1)/(-4)). Let f(g) = 7*g**2 + 1 - 3*g**2 + 4*g + g**3 + 0 + g**h. Suppose 7 - 19 = 4*m. Give f(m).
7
Let y(k) = -k - 5. Let f = -16 + 10. Let i(q) = q + 6. Let g(b) = f*i(b) - 7*y(b). Determine g(-1).
-2
Let w(a) = a**3 - 14*a**2 - 14*a - 20. Let z be w(15). Let c(x) = -x - 8. Calculate c(z).
-3
Let k = 6 - -1. Let i(r) = 17*r - 12. Let h(t) = 4*t - 3. Let j(q) = -26*h(q) + 6*i(q). Calculate j(k).
-8
Let n(u) = -5*u**2 + 11*u - 4. Let f(c) = 4*c**2 - 10*c + 3. Let a(t) = 4*f(t) + 3*n(t). Give a(3).
-12
Let k(l) = l**3 - 6*l**2 - l + 5. Let h be k(6). Let y = -20 - -15. Let b = y - h. Let g(j) = j + 3. What is g(b)?
-1
Let j = -70 - -65. Let o(c) = 2*c**3 + c**2 - 1. Let i be o(1). Let q(r) = 5 - r**i + 3 - 2*r - 5. Determine q(j).
-12
Let u(c) = -c + 1. Let w(q) = -q**2 + 6*q - 5. Let i(z) = -2*u(z) + w(z). Give i(6).
5
Let w(v) = -v**3 + 9*v**2 - 5. Let s(j) = j**3 - 10*j**2 - j + 4. Let a(o) = -2*s(o) - 3*w(o). Determine a(6).
-17
Let o(z) = z**3 + 6*z**2 + 6*z + 3. Let m(g) = -g + 1. Let s be m(-8). Suppose j + s = 5. Calculate o(j).
11
Suppose 0 = 2*x + x + 12. Let s = 0 + 3. Let m(b) = -6 + 0*b + s - 3 - 3*b. Determine m(x).
6
Let k(g) = -g**2 + 5*g + 6. Suppose 0 = 17*h - 18*h + 6. What is k(h)?
0
Let p(x) be the second derivative of x**5/20 - x**4/3 + 2*x**2 - 25*x. What is p(3)?
-5
Suppose -2 - 3 = -5*j. Let q be (-12)/(-2) - (j - 0). Let g(u) = u**2 - 4*u - 7. Determine g(q).
-2
Let i = 17 + -20. Let s(v) = -5*v - 2. Determine s(i).
13
Let u = 12 + -12. Let r(g) = -3*g**2 + u - 3*g + 1 - 4*g**2 + 6*g**2. Calculate r(-3).
1
Let b(y) = -1 + 0 - 4 + y. Suppose -2*h = 2*z + 2*z - 12, -h + 12 = 4*z. Let p = 2 + z. What is b(p)?
0
Let w(i) be the first derivative of -i**3/3 + 3*i**2 + 4*i - 2. Give w(7).
-3
Suppose -5*y + 6 = -9. Let b(u) = 2*u + 1 - y*u + 2*u. Calculate b(6).
7
Let v(g) be the first derivative of -11*g**3/3 + g**2 - g + 17. Determine v(1).
-10
Suppose -4*f + 8 = -0*f. Let g(y) = -2*y + y + 2 + f*y. Give g(-2).
0
Let c = 7 + -5. Let r(g) = 0 + 2*g + 5*g**c - 2 + 1. Let l be ((-2)/(-2))/1 + 0. Determine r(l).
6
Let c(x) = x**3 + x**2 + x + 1. Let j(h) = -7*h**3 + 4*h**2 - 16*h - 7. Let b(n) = -6*c(n) - j(n). Give b(9).
10
Suppose 3*w + w = -20. Let g = -1 + 3. Let v(c) = 1 + c**2 + 0*c**g - 1 + 7 + 5*c. Give v(w).
7
Let m = -7 - -5. Let y be 50/15*(-3)/m. Suppose 2*h = n + 12, -8 = -4*n + y*h - 41. Let l(u) = 3*u**2 + u - 2. Calculate l(n).
8
Let c(t) be the first derivative of t**2 - t - 1. Let i be (-10)/3 + (-6)/9 + 2. Give c(i).
-5
Suppose -3*w = 5*q + 1, -4*w = -2*w + 3*q. Let j(z) = -z**2 + 5*z - 2. Determine j(w).
4
Let k(v) = 1 - 2*v + v - 1 - 1. Let m = -3 - -11. Suppose 0 = 2*d - 0*d - m. Give k(d).
-5
Let d(n) be the first derivative of n**2/2 + 12*n + 5. Calculate d(-11).
1
Let v(d) = -2*d**2 - 7*d + 6. Let x(b) = b**2 + 3*b - 3. Let k(j) = -6*v(j) - 13*x(j). Let h = 4 + -6. Give k(h).
-7
Let g(k) = -2*k - 5. Let n be g(-7). Let s(r) = r - 6. Give s(n).
3
Let u(r) be the first derivative of r**4/4 + 11*r**3/3 + r**2 + 14*r + 23. What is u(-11)?
-8
Let z(v) = v**2 - v - 2. Suppose -16 = -4*c - i, -2*c + 3*i + 3 = -5. Calculate z(c).
10
Let j(o) = -o**3 - 6*o**2 - 4*o - 1. Let l be j(-5). Let v(x) = 6 - 9*x - 5 - 2 + 7*x. Calculate v(l).
11
Let j(v) = -v**2 + 6*v - 6. Let f(d) = 12*d. Let l(o) = o**3 - 6*o**2 - o + 7. Let t be l(6). Let i be f(t). Suppose 0*k = 3*k - i. Give j(k).
2
Let b be 2/5*10/2. Let m(k) = -4*k + 3 + 5*k**2 + 6*k**2 - 9*k**2 - k**b. Determine m(3).
0
Let q = -3 - 1. Let r = 0 + q. Let j be (1 + 0)/(r/12). Let t(p) = p - 1. Calculate t(j).
-4
Suppose -2*c + 14 = -2*n + 3*n, 5*n = 4*c. Suppose -8 = -3*t - 2. Let l(v) = -3*v - 1 + t*v + 3*v + 0. What is l(n)?
7
Let c(g) be the third derivative of g**6/120 + g**5/20 - g**4/4 - 5*g**3/6 + 19*g**2. Suppose 5*v = -2*u - 13, -2*u - 20 = 3*v - 9. What is c(u)?
3
Let g = 0 - -18. Suppose -2*n - 2*p = 4, -3*n + 2*p = -p - g. Suppose n*o + 2*h - 3 = o, 2*o - 4*h = 14. Let y(j) = j**2 - 5*j - 1. Give y(o).
-1
Suppose 18*b - 21*b = 6. Let m(c) be the first derivative of c**4/2 + c**3 + c**2/2 - 1. Determine m(b).
-6
Let y(o) = o + 4. Let p = 20 - 7. Let i = p - 8. Suppose x = i*x. Give y(x).
4
Let c(s) be the third derivative of 5*s**4/24 + s**3/3 + 41*s**2. Determine c(-3).
-13
Suppose -o - 2 + 5 = 0. Suppose -3*k = -g - 9, 5*g - 2 = 4*k - o. Let m = k + -3. Let p(c) = c. What is p(m)?
1
Let a(n) = -n**2 - 6*n - 1. Let y be a(-4). Let t(h) = -h**2 + 7*h + 3. What is t(y)?
3
Suppose -6 = 4*y + 10. Let b(g) = -2*g - 4. Calculate b(y).
4
Let f(k) = 5*k - 9. Let w be f(6). Let l be 8 + -1 - (2 - 1). Suppose w = 5*b + l. Let d(r) = -r**3 + 3*r**2 + r + 2. What is d(b)?
5
Let b(m) = m**3 + m**2 - m + 1. Let g be (-9)/(-7) + 2/(-7). Let y(c) = 5*c**3 + 5*c**2 - 6*c + 6. Let x(p) = g*y(p) - 6*b(p). Determine x(0).
0
Let y(l) = 0 + 67*l + 5 - 2*l**2 - 68*l - 6. Calculate y(-2).
-7
Let v(q) be the third derivative of q**6/15 - q**4/24 - q**3/6 - 2*q**2. What is v(-1)?
-8
Let z(s) = s + 13. Let a be z(-11). Let d(w) = 3*w + 0 - 1 + w**a - 1. Suppose -5*n + 9 = 4*o + 28, 4*n - o + 11 = 0. Give d(n).
-2
Let b be -12*(-1 + 8/12). Suppose -3*j + 3 = 4*r + 2, -b = 5*j + r. Let w(q) = -3*q. Let c(o) = -16*o. Let z(x) = -2*c(x) + 11*w(x). Determine z(j).
1
Let u(x) = -x**3 - 4*x**2 + 5*x - 3. Let h be u(-5). Let g(a) be the second derivative of a**4/12 + a**3/6 + 277*a. What is g(h)?
6
Let l = -12 + 13. Let m(i) = -5*i**2 + 0 - l + i**2. What is m(-1)?
-5
Let r = -3 + 5. Let y(f) = -f + f + r*f + 0*f. Determine y(-1).
-2
Let g(w) = w + 1. Suppose 5*d + 0*d - 21 = -j, -3*j - 2*d + 11 = 0. Let u = 4 - 6. Let m = u + j. Give g(m).
0
Let r(p) = 3*p - 1. Suppose 3*t - 2*t = 2. Suppose 2*x = -1 - 1. Let i = t + x. Determine r(i).
2
Suppose 2*m = 3*t, -1 + 4 = 3*t - m. Let j(k) = k**3 - 3*k**2 + 2*k. What is j(t)?
0
Let v(o) = -o**2 - o - 4. Let r be v(0). Let n be 10/r - 12/(-24). Let s(d) = -4*d - 2. Determine s(n).
6
Let p(q) = -q**2 - 2*q + 3. Let j = 19 - 17. Determine p(j).
-5
Let d = 2 + 8. Let f(g) = g**3 - 11*g**2 + 10*g - 3. Let b be f(d). Let u(j) = 1 + 0 + j + 3. Calculate u(b).
1
Suppose 2*j + 20 = 8. Let y(h) = -2*h - 7. Determine y(j).
5
Let z(x) = -5*x - 2. Let l(i) = -2*i - 20. Let y be l(-8). Give z(y).
18
Let a(m) = 2*m - 2*m + 2 - 5*m - m**2. Let j(l) = l**3 - 7*l**2 + 4*l + 6. Let u be j(6). Calculate a(u).
-4
Let v(y) be the first derivative of y**3/3 + y**2/2 - y + 1. Suppose -24 = 5*n + 3*f, 4*n - n + 15 = -2*f. Determine v(n).
5
Let t(o) be the second derivative of o**2 + 2*o + 0 + 1/6*o**3. Suppose s + 0*s = -1. Calculate t(s).
1
Let y = 122 - 121. Let z(q) = -35*q**3 + 2*q**2 - 1. What is z(y)?
-34
Let k(t) be the first derivative of t**6/120 + t**5/15 + t**4/8 + t**3/3 - 3*t**2/2 - 3. Let n(w) be the second derivative of k(w). Determine n(-2).
4
Let n = 13 - 12. Let c(r) = 7*r + 1. Calculate c(n).
8
Let b be 3/(-6)*16/(-2). Let x(o) = -o**2 + 5*o - 4. Calculate x(b).
0
Let s(l) = -3*l**2 - l + 3 - l + l**2 - 4 - l**3. Let p be s(-3). Suppose p = 2*j - j - 4*m, j = -5*m - 13. Let g(f) = 2*f**2 - 4*f + 2. Determine g(j).
2
Let x(j) = 3*j**2 + 2*j - 3. Suppose v - 2*t - 8 = -v, 0 = 4*v + 2*t - 22. Let g(l) = -l**2 - l + 1. Let f(p) = v*g(p) + 2*x(p). Calculate f(-2).
5
Let u(k) = -3*k**2 + 3*k - 3. Suppose 7*z = 1 + 13. What is u(z)?
-9
Let q(y) = y**2 - 5*y + 1 + y + 0. Suppose -4*h + 3*d = -h - 21, 3*d + 9 = 0. Give q(h).
1
Let w(u) = 2*u + 1 + u**2 - 7 - 8*u. Give w(6).
-6
Suppose -z = -u - 1, -3*u + 2*z - 6 = 2. Let i(g) = g**2 + 6*g - 1. What is i(u)?
-1
Let j(n) be the second derivative of -n**4/12 + 3*n**3/2 - 5*n**2 + 7*n. What is j(8)?
-2
Let g(t) = -t**3 + t + 1. Let u(q) = -7*q**3 + 3*q**2 + 4*q + 5. Let x(n) = -6*g(n) + u(n). Determine x(3).
-7
Let o(k) = -7*k + 1. Let w(u) = -u**3 + 5*u**2 + 5*u + 7. Let g be w(6). Let z be (-7)/(14/6) + 7. Suppose z*c - g - 3 = 0. Determine o(c).
-6
Let q(z) = 12*z - 27. Let s(g) = -g + 2. Let v(d) = 4*q(d) + 54*s(d). Calculate v(-2).
12
Let k(y) be the third derivative of y**4/6 + y**3/2 - 5*y**2. Calculate k(-2).
-5
Suppose 0 = 3*v + v + 16. Let c(d) = 4*d**2 - 6*d - 3*d**2 - 5 + 4 - 2*d**2. Determine c(v).
7
Let x(l) = l**2 - 5*l - 3. Suppose 0*r - 4*r + 24 = 0. Determine x(r).
3
Le